Is 10012063 composite?
False
Is 439814747 composite?
False
Is 929791 a prime number?
True
Is 45292417 composite?
False
Is 380867 prime?
True
Is 3280073 a composite number?
False
Is 60548927 a prime number?
False
Is 411659 composite?
True
Is 6961765 prime?
False
Is 23887841 composite?
False
Is 112163927 a prime number?
False
Is 256441 prime?
True
Is 351093389 prime?
True
Is 1944779 composite?
False
Is 46940819 a composite number?
True
Is 185763901 a composite number?
False
Is 1627333 prime?
True
Is 700727419 a prime number?
False
Is 1081477 a prime number?
True
Is 42288301 composite?
True
Is 6346237 composite?
False
Is 273133 a prime number?
False
Is 319636793 prime?
False
Is 57605857 prime?
False
Is 463135273 prime?
True
Is 35042479 a composite number?
True
Is 2849087 composite?
False
Is 2288521 a composite number?
True
Is 33051727 a composite number?
False
Is 2265785 a composite number?
True
Is 162617079 a composite number?
True
Is 1452623 a prime number?
False
Is 468211493 a composite number?
False
Is 189922781 composite?
False
Is 77696327 prime?
True
Is 2627897 composite?
False
Is 404229967 a composite number?
True
Is 22165369 composite?
False
Is 300464041 a prime number?
False
Is 402940437 a prime number?
False
Is 6642113 a prime number?
False
Is 37296713 a composite number?
False
Is 85133677 composite?
True
Is 6177961 a prime number?
False
Is 27669505 composite?
True
Is 1224185 prime?
False
Is 16119289 a prime number?
True
Is 17562113 a prime number?
True
Is 6536441 prime?
True
Is 105237241 a prime number?
True
Is 11953379 prime?
True
Is 8000089 composite?
True
Is 35328077 composite?
False
Is 87331333 a prime number?
False
Is 350453021 a composite number?
True
Is 2443409 prime?
True
Is 45304969 composite?
True
Is 147558787 composite?
False
Is 26087837 a composite number?
True
Is 24143459 a composite number?
False
Is 3548399 a composite number?
True
Is 7545997 a composite number?
False
Is 49066307 a composite number?
False
Is 202297691 a prime number?
True
Is 123304709 a prime number?
False
Is 83491307 composite?
False
Is 14252383 composite?
False
Is 32751643 a composite number?
True
Is 97255859 composite?
True
Is 15072653 composite?
True
Is 7514902 a prime number?
False
Is 64015033 prime?
True
Is 700913 prime?
False
Is 3585581 a prime number?
True
Is 589339 composite?
True
Is 635249585 a composite number?
True
Is 50271751 composite?
False
Is 34867687 composite?
False
Is 226227979 prime?
False
Is 24836869 prime?
True
Is 24048663 composite?
True
Is 79747571 prime?
True
Is 30229863 composite?
True
Is 4684094 a prime number?
False
Is 1956419 a prime number?
True
Is 340668961 composite?
False
Is 44666827 prime?
False
Is 114654691 composite?
True
Is 2157989 prime?
True
Is 21130649 composite?
False
Is 260182514 a composite number?
True
Is 18613009 composite?
False
Is 1936513 a composite number?
True
Is 13056613 prime?
False
Is 233197871 composite?
True
Is 14916949 prime?
False
Is 9603103 a prime number?
True
Is 28305181 a prime number?
False
Is 1128097 a prime number?
False
Is 204623099 a prime number?
False
Is 3038111 a prime number?
True
Is 213298333 composite?
False
Is 6738353 a prime number?
False
Is 172745563 composite?
True
Is 91862723 a prime number?
True
Is 29634454 prime?
False
Is 1167883 composite?
True
Is 80596247 a prime number?
True
Is 1009439 composite?
False
Is 4470689 a prime number?
False
Is 3428905 prime?
False
Is 2678267 a composite number?
True
Is 20266693 a prime number?
True
Is 157210721 prime?
True
Is 142212251 a prime number?
False
Is 2928137 prime?
True
Is 7589669 prime?
False
Is 13326821 a composite number?
True
Is 423341 a prime number?
True
Is 65387767 a composite number?
False
Is 5185777 a composite number?
True
Is 29502013 a composite number?
True
Is 5880307 composite?
False
Is 14810491 composite?
True
Is 343185677 a composite number?
True
Is 21521519 a composite number?
True
Is 231511 a composite number?
True
Is 4850143 prime?
False
Is 396005899 a prime number?
True
Is 33857807 a prime number?
True
Is 3660569 prime?
False
Is 89458 a prime number?
False
Is 53003591 a composite number?
False
Is 5842807 a prime number?
False
Is 12356269 a prime number?
True
Is 154779761 a composite number?
True
Is 3288326 composite?
True
Is 402574517 composite?
True
Is 15223027 a prime number?
True
Is 3755497 composite?
True
Is 623734 composite?
True
Is 3022961 prime?
False
Is 21159721 prime?
False
Is 267012607 a prime number?
True
Is 29983403 prime?
False
Is 64871 prime?
True
Is 40184587 a composite number?
True
Is 91585711 prime?
False
Is 4866469 prime?
True
Is 40291841 composite?
False
Is 2624513 prime?
True
Is 308437 composite?
False
Is 199356349 prime?
False
Is 527183563 a prime number?
False
Is 82651 composite?
False
Is 14134121 a prime number?
False
Is 16533043 a composite number?
True
Is 50095691 composite?
False
Is 15019649 composite?
True
Is 51161779 prime?
True
Is 51283 composite?
False
Is 89608499 a prime number?
False
Is 34193897 prime?
True
Is 42322457 a prime number?
True
Is 805433 composite?
True
Is 4195551 prime?
False
Is 30183263 prime?
False
Is 1098587 a composite number?
True
Is 33407 composite?
True
Is 17742667 a prime number?
False
Is 5703989 a prime number?
True
Is 6401771 a prime number?
True
Is 266820217 composite?
True
Is 11160509 composite?
False
Is 14065841 a composite number?
True
Is 13902001 a prime number?
False
Is 99811037 a prime number?
False
Is 384767 composite?
True
Is 287500263 a composite number?
True
Is 232952245 a composite number?
True
Is 123227939 composite?
True
Is 15886469 a composite number?
True
Is 6804887 a prime number?
True
Is 998951 a composite number?
False
Is 8489581 composite?
False
Is 2886761 composite?
False
Is 16353613 a composite number?
False
Is 7642342 a prime number?
False
Is 848321 a composite number?
False
Is 16056421 composite?
False
Is 67756097 a prime number?
False
Is 1512046 prime?
False
Is 8911739 prime?
True
Is 1218859 a prime number?
True
Is 20072509 a composite number?
False
Is 1499713 composite?
False
Is 4572707 a composite number?
False
Is 4560001 a composite number?
False
Is 12377863 composite?
True
Is 891011999 prime?
False
Is 350470673 composite?
True
Is 209417731 prime?
True
Is 336941 prime?
False
Is 13868273 composite?
True
Is 367682183 a prime number?
False
Is 17614258 prime?
False
Is 11613911 composite?
False
Is 247485185 a prime number?
False
Is 55782359 a composite number?
True
Is 640254137 a composite number?
True
Is 56119865 prime?
False
Is 1294672546 a composite number?
True
Is 92852527 a prime number?
True
Is 387089 prime?
True
Is 20965769 a prime number?
False
Is 30573887 prime?
False
Is 2944987 a composite number?
True
Is 223548877 prime?
True
Is 1849123 prime?
False
Is 156384833 composite?
True
Is 61424219 a prime number?
True
Is 10220867 a prime number?
False
Is 1468879 composite?
True
Is 2594671 a composite number?
False
Is 244135105 prime?
False
Is 3252157 a prime number?
False
Is 387846895 composite?
True
Is 5651291 a prime number?
True
Is 785014757 a prime number?
False
Is 99317719 a composite number?
False
Is 414091787 a prime number?
True
Is 1595647 a prime number?
True
Is 16828139 a composite number?
True
Is 10767977 composite?
True
Is 6223223 prime?
False
Is 36776177 a composite number?
True
Is 144502069 composite?
False
Is 19777091 prime?
True
Is 6864553 composite?
False
Is 210073657 a prime number?
True
Is 4051 composite?
False
Is 162095749 composite?
True
Is 174064783 a prime number?
False
Is 57246179 prime?
False
Is 52061231 prime?
True
Is 164333335 a composite number?
True
Is 6677291 composite?
True
Is 1799167 prime?
False
Is 12233633 a composite number?
True
Is 117037509 a prime number?
False
Is 10821991 composite?
True
Is 152974343 a prime number?
True
Is 123144101 composite?
False
Is 2606959 composite?
True
Is 181714007 composite?
True
Is 331749181 a composite number?
True
Is 83643379 a prime number?
False
Is 2760809 composite?
True
Is 289814737 a prime number?
False
Is 2108641 a prime number?
True
Is 38240357 prime?
False
Is 4195001 a composite number?
False
Is 5526509 a prime number?
False
Is 23753179 a composite number?
False
Is 29747071 a composite number?
False
Is 4110571 composite?
False
Is 7669697 composite?
True
Is 139